 multiple of 15?
False
Does 8 divide 1316?
False
Does 10 divide 31465?
False
Is 20721 a multiple of 57?
False
Does 14 divide 1624?
True
Is 214 a factor of 51779?
False
Does 39 divide 22028?
False
Is 56 a factor of 1046?
False
Is 108 a factor of 2022?
False
Is 6207 a multiple of 51?
False
Does 151 divide 71725?
True
Does 247 divide 125229?
True
Does 52 divide 21611?
False
Does 6 divide 1298?
False
Is 11991 a multiple of 2?
False
Is 23342 a multiple of 70?
False
Is 2377 a multiple of 62?
False
Is 268 a multiple of 190?
False
Is 5409 a multiple of 3?
True
Is 2086 a multiple of 22?
False
Is 195 a multiple of 15?
True
Does 28 divide 72996?
True
Is 17 a factor of 43?
False
Does 16 divide 8011?
False
Is 11 a factor of 1001?
True
Is 630 a multiple of 30?
True
Is 24786 a multiple of 182?
False
Does 85 divide 7770?
False
Is 4200 a multiple of 88?
False
Is 62356 a multiple of 28?
True
Does 17 divide 544?
True
Does 31 divide 345?
False
Is 14 a factor of 448?
True
Does 45 divide 1350?
True
Is 1484 a multiple of 8?
False
Is 46 a factor of 4583?
False
Does 7 divide 5635?
True
Is 1230 a multiple of 13?
False
Is 56212 a multiple of 178?
False
Does 70 divide 10353?
False
Is 664 a multiple of 7?
False
Does 75 divide 1875?
True
Is 9 a factor of 990?
True
Does 60 divide 5499?
False
Is 343 a multiple of 22?
False
Is 132 a factor of 34238?
False
Does 13 divide 8414?
False
Is 22 a factor of 1119?
False
Is 759 a multiple of 69?
True
Does 14 divide 128?
False
Is 26 a factor of 988?
True
Is 298 a multiple of 16?
False
Is 219 a multiple of 5?
False
Is 5 a factor of 8909?
False
Does 93 divide 25542?
False
Is 33 a factor of 2869?
False
Is 40 a factor of 2366?
False
Is 26368 a multiple of 89?
False
Does 5 divide 694?
False
Does 21 divide 987?
True
Is 14408 a multiple of 13?
False
Is 5 a factor of 201?
False
Is 81 a multiple of 11?
False
Is 810 a multiple of 19?
False
Is 4456 a multiple of 7?
False
Is 80762 a multiple of 11?
True
Is 550 a multiple of 22?
True
Is 143 a factor of 2092?
False
Is 41 a multiple of 2?
False
Is 119 a factor of 11745?
False
Is 148 a factor of 2867?
False
Is 93 a factor of 1314?
False
Is 287 a factor of 71750?
True
Is 15 a factor of 225?
True
Does 15 divide 7541?
False
Is 15422 a multiple of 15?
False
Is 792 a multiple of 15?
False
Is 81 a factor of 810?
True
Is 119 a factor of 1190?
True
Is 22041 a multiple of 237?
True
Is 52 a factor of 1248?
True
Does 15 divide 936?
False
Is 146 a multiple of 10?
False
Is 1902 a multiple of 6?
True
Is 22 a factor of 9885?
False
Does 60 divide 2573?
False
Does 29 divide 46608?
False
Does 4 divide 25?
False
Does 93 divide 14611?
False
Is 46 a factor of 761?
False
Is 1523 a multiple of 19?
False
Does 131 divide 114232?
True
Is 20 a factor of 11641?
False
Does 147 divide 43192?
False
Is 1111 a multiple of 11?
True
Is 1368 a multiple of 36?
True
Is 180 a factor of 3060?
True
Does 168 divide 5880?
True
Is 13 a factor of 1805?
False
Does 8 divide 784?
True
Is 7 a factor of 7195?
False
Does 37 divide 508?
False
Is 21 a factor of 3257?
False
Does 12 divide 59400?
True
Is 1967 a multiple of 10?
False
Does 167 divide 14932?
False
Is 5775 a multiple of 77?
True
Does 13 divide 897?
True
Is 18350 a multiple of 50?
True
Is 1004 a multiple of 9?
False
Does 126 divide 7308?
True
Does 21 divide 677?
False
Is 37 a factor of 1813?
True
Is 1512 a multiple of 36?
True
Is 38 a factor of 16378?
True
Is 560 a multiple of 56?
True
Is 1155 a multiple of 29?
False
Does 32 divide 3515?
False
Does 21 divide 1743?
True
Is 12375 a multiple of 165?
True
Is 185 a factor of 12580?
True
Does 3 divide 324?
True
Is 2002 a multiple of 13?
True
Is 86 a factor of 799?
False
Does 44 divide 1821?
False
Is 3123 even?
False
Does 60 divide 840?
True
Does 61 divide 549?
True
Is 18 a factor of 2539?
False
Does 3 divide 383?
False
Is 655 even?
False
Is 22 a factor of 683?
False
Is 144 a multiple of 24?
True
Is 27 a factor of 4723?
False
Is 13 a factor of 2678?
True
Does 139 divide 4071?
False
Is 14 a factor of 679?
False
Does 5 divide 10220?
True
Is 24 a factor of 22330?
False
Is 7 a factor of 343?
True
Is 1195 a multiple of 67?
False
Does 20 divide 100?
True
Does 9 divide 3586?
False
Is 16432 a multiple of 13?
True
Is 4 a factor of 4491?
False
Does 9 divide 10861?
False
Is 196 a multiple of 7?
True
Does 20 divide 19783?
False
Does 6 divide 204?
True
Is 2024 a multiple of 6?
False
Does 3 divide 2582?
False
Does 113 divide 2938?
True
Is 4 a factor of 129?
False
Does 11 divide 473?
True
Does 8 divide 12400?
True
Is 216 a factor of 11227?
False
Is 9072 a multiple of 36?
True
Is 4454 a multiple of 34?
True
Does 6 divide 301?
False
Is 33 a factor of 16626?
False
Does 46 divide 4922?
True
Does 18 divide 1728?
True
Does 6 divide 17039?
False
Does 8 divide 118?
False
Is 66576 a multiple of 19?
True
Is 262 a multiple of 5?
False
Does 61 divide 17827?
False
Is 8 a factor of 4635?
False
Is 9 a factor of 887?
False
Is 2 a factor of 1436?
True
Is 27346 a multiple of 11?
True
Does 48 divide 2040?
False
Is 4 a factor of 3145?
False
Does 91 divide 11921?
True
Is 1026 a multiple of 27?
True
Is 87 a factor of 3393?
True
Does 16 divide 1360?
True
Is 38 a factor of 771?
False
Does 11 divide 32032?
True
Is 54 a factor of 1632?
False
Does 5 divide 620?
True
Is 8350 a multiple of 34?
False
Is 1792 a multiple of 112?
True
Is 17 a factor of 7939?
True
Does 174 divide 7656?
True
Does 44 divide 4588?
False
Is 1220 a multiple of 10?
True
Does 4 divide 89?
False
Is 12 a factor of 23608?
False
Does 39 divide 351?
True
Is 46 a multiple of 3?
False
Does 29 divide 1537?
True
Is 150 a factor of 11964?
False
Does 38 divide 1028?
False
Is 71 a factor of 2698?
True
Is 1243 a multiple of 113?
True
Is 113 even?
False
Is 9159 a multiple of 149?
False
Is 14541 a multiple of 5?
False
Is 13728 a multiple of 39?
True
Is 4958 a multiple of 74?
True
Does 20 divide 58687?
False
Is 4361 a multiple of 7?
True
Is 726 a multiple of 31?
False
Is 78616 a multiple of 124?
True
Is 57789 a multiple of 249?
False
Is 4821 a multiple of 32?
False
Is 48951 a multiple of 21?
True
Does 21 divide 1640?
False
Is 38164 a multiple of 94?
True
Does 10 divide 3360?
True
Does 15 divide 475?
False
Is 10 a factor of 3573?
False
Is 168 a multiple of 42?
True
Does 7 divide 443?
False
Is 43 a factor of 30242?
False
Is 19 a factor of 5054?
True
Is 180 a factor of 28975?
False
Is 16008 a multiple of 92?
True
Is 23 a factor of 4186?
True
Does 18 divide 21635?
False
Is 296 a multiple of 19?
False
Is 13 a factor of 857?
False
Is 15 a factor of 55335?
True
Is 5056 a multiple of 64?
True
Is 56 a multiple of 28?
True
Is 17 a factor of 15810?
True
Is 35124 a multiple of 146?
False
Does 64 divide 713?
False
Does 3 divide 204?
True
Does 12 divide 612?
True
Is 146 even?
True
Is 7 a factor of 147?
True
Is 15 a factor of 1557?
False
Does 14 divide 630?
True
Is 64 a factor of 604?
False
Is 5030 a multiple of 78?
False
Does 42 divide 30878?
False
Does 36 divide 9616?
False
Does 49 divide 1029?
True
Does 92 divide 591?
False
Does 224 divide 78839?
False
Is 583 a multiple of 22?
False
Is 2833 a multiple of 53?
False
Does 26 divide 759?
False
Does 35 divide 28700?
True
Does 34 divide 18088?
True
Is 2928 a multiple of 8?
True
Is 1205 a multiple of 77?
False
Does 114 divide 17556?
True
Is 101 a factor of 3838?
True
Does 29 divide 499?
False
Is 30 a factor of 2220?
True
Is 28 a factor of 990?
False
Is 19 a factor of 1261?
False
Does 38 divide 1444?
True
Does 108 divide 37692?
True
Is 37 a factor of 239?
False
Is 31 a factor of 12276?
True
Does 8 divide 1683?
False
Is 26 a factor of 2918?
False
Is 67 a factor of 32361?
True
Does 126 divide 3528?
True
Is 10188 a multiple of 4?
True
Does 15 divide 135?
True
Does 17 divide 85?
True
Does 5 divide 17214?
False
Is 48 a factor of 28032?
True
Is 35 a factor of 9310?
True
Is 17 a factor of 7310?
True
Is 301 a factor of 8127?
True
Does 43 divide 1161?
True
Is 82 a factor of 4941?
False
Is 5850 a multiple of 57?
False
Does 60 divide 2634?
False
Does 10 divide 7320?
True
Is 6202 a multiple of 14?
True
Is 75451 a multiple of 35?
False
Is 6 a factor of 1400?
False
Is 2352 a multiple of 48?
True
Does 5 divide 2212?
False
Does 12 divide 2509?
False
Is 381 a multiple of 28?
False
Is 1242 a multiple of 2?
True
Is 429 a 